15418593?
3, 107, 593
What are the prime factors of 4358390?
2, 5, 435839
List the prime factors of 754793.
13, 58061
What are the prime factors of 380202?
2, 3, 63367
What are the prime factors of 5382212?
2, 11, 122323
What are the prime factors of 651447?
3, 72383
List the prime factors of 169713.
3, 109, 173
What are the prime factors of 25150601?
7, 1307, 2749
List the prime factors of 123626.
2, 61813
What are the prime factors of 19590398?
2, 67, 146197
List the prime factors of 1546368.
2, 3, 4027
List the prime factors of 21875144.
2, 2734393
What are the prime factors of 1867287?
3, 103, 6043
List the prime factors of 61481.
7, 8783
List the prime factors of 366607.
366607
What are the prime factors of 218609?
71, 3079
List the prime factors of 144755.
5, 13, 17, 131
What are the prime factors of 503274?
2, 3, 37, 2267
What are the prime factors of 1033223?
1033223
List the prime factors of 1052108.
2, 83, 3169
List the prime factors of 548739.
3, 19, 3209
List the prime factors of 3580713.
3, 132619
What are the prime factors of 12112333?
12112333
List the prime factors of 303519.
3, 101173
What are the prime factors of 367566?
2, 3, 61261
What are the prime factors of 6862631?
6862631
What are the prime factors of 272352?
2, 3, 2837
What are the prime factors of 50991?
3, 23, 739
List the prime factors of 512560.
2, 5, 43, 149
What are the prime factors of 1586812?
2, 396703
List the prime factors of 17904.
2, 3, 373
List the prime factors of 210700.
2, 5, 7, 43
What are the prime factors of 221917?
313, 709
List the prime factors of 71041.
19, 3739
What are the prime factors of 25579745?
5, 59, 86711
List the prime factors of 52011.
3, 5779
What are the prime factors of 1510915?
5, 7, 881
List the prime factors of 504969.
3, 168323
What are the prime factors of 742691?
19, 39089
List the prime factors of 4091068.
2, 47, 463
What are the prime factors of 7688?
2, 31
What are the prime factors of 3643266?
2, 3, 11, 55201
What are the prime factors of 5582017?
7, 151, 5281
What are the prime factors of 19457140?
2, 5, 19, 51203
List the prime factors of 1408873.
1408873
List the prime factors of 7812591.
3, 19, 41, 3343
List the prime factors of 11758935.
3, 5, 499, 1571
List the prime factors of 446596.
2, 311, 359
What are the prime factors of 9349701?
3, 83, 37549
What are the prime factors of 673839?
3, 47, 59
What are the prime factors of 1645839?
3, 13, 521
List the prime factors of 351754.
2, 13, 83, 163
What are the prime factors of 1578?
2, 3, 263
What are the prime factors of 4904588?
2, 13, 257, 367
List the prime factors of 8440371.
3, 937819
What are the prime factors of 3178915?
5, 17, 149, 251
What are the prime factors of 10756400?
2, 5, 26891
What are the prime factors of 689693?
689693
List the prime factors of 1559958.
2, 3, 259993
What are the prime factors of 232722?
2, 3, 7, 1847
What are the prime factors of 3744250?
2, 5, 17, 881
List the prime factors of 4312547.
4312547
What are the prime factors of 368446?
2, 13, 37, 383
What are the prime factors of 15347433?
3, 593, 8627
List the prime factors of 775481.
7, 139, 797
List the prime factors of 741805.
5, 148361
What are the prime factors of 249676?
2, 7, 37, 241
List the prime factors of 5203866.
2, 3, 727, 1193
What are the prime factors of 930941?
11, 84631
List the prime factors of 1041338.
2, 587, 887
What are the prime factors of 64918?
2, 7, 4637
What are the prime factors of 7377566?
2, 7, 31, 89, 191
List the prime factors of 50800.
2, 5, 127
What are the prime factors of 232519?
7, 59, 563
What are the prime factors of 84041?
31, 2711
What are the prime factors of 8907484?
2, 479, 4649
List the prime factors of 1334965.
5, 266993
List the prime factors of 1470386.
2, 735193
List the prime factors of 46202.
2, 13, 1777
What are the prime factors of 16861?
13, 1297
What are the prime factors of 14320140?
2, 3, 5, 31, 7699
What are the prime factors of 22302061?
233, 95717
What are the prime factors of 6200263?
2393, 2591
What are the prime factors of 42906?
2, 3, 7151
What are the prime factors of 455302?
2, 227651
What are the prime factors of 549862?
2, 274931
What are the prime factors of 1080821?
7, 59, 2617
List the prime factors of 401391.
3, 103, 433
What are the prime factors of 710618?
2, 43, 8263
What are the prime factors of 451409?
7, 59, 1093
What are the prime factors of 643033?
31, 20743
What are the prime factors of 672404?
2, 97, 1733
List the prime factors of 223991.
19, 11789
List the prime factors of 1030230.
2, 3, 5, 11447
What are the prime factors of 56440?
2, 5, 17, 83
What are the prime factors of 8965395?
3, 5, 167, 1193
What are the prime factors of 364454?
2, 149, 1223
List the prime factors of 269755.
5, 53951
What are the prime factors of 122658?
2, 3, 20443
What are the prime factors of 2086755?
3, 5, 11, 12647
What are the prime factors of 297876?
2, 3, 103, 241
What are the prime factors of 509159?
7, 10391
What are the prime factors of 106054?
2, 13, 4079
What are the prime factors of 18353407?
179, 102533
What are the prime factors of 464492?
2, 7, 53, 313
What are the prime factors of 517423?
47, 101, 109
What are the prime factors of 476229?
3, 13, 12211
List the prime factors of 599632.
2, 11, 3407
List the prime factors of 14751672.
2, 3, 13, 3637
List the prime factors of 329907.
3, 277, 397
What are the prime factors of 11165961?
3, 97, 38371
List the prime factors of 12697.
12697
List the prime factors of 8441653.
11, 767423
What are the prime factors of 89261?
89261
What are the prime factors of 567185?
5, 113437
What are the prime factors of 59662?
2, 23, 1297
What are the prime factors of 1301374?
2, 61, 10667
List the prime factors of 387958.
2, 193979
List the prime factors of 468244.
2, 7, 2389
What are the prime factors of 300712?
2, 37589
List the prime factors of 317073.
3, 105691
What are the prime factors of 4022393?
523, 7691
What are the prime factors of 1376139?
3, 97, 4729
What are the prime factors of 1240502?
2, 620251
List the prime factors of 777817.
777817
List the prime factors of 6664498.
2, 89, 37441
What are the prime factors of 2435125?
5, 7, 11, 23
What are the prime factors of 673524?
2, 3, 53, 353
What are the prime factors of 12827427?
3, 4275809
What are the prime factors of 1928718?
2, 3, 11, 17, 191
What are the prime factors of 222672?
2, 3, 4639
What are the prime factors of 4621362?
2, 3, 770227
List the prime factors of 410459.
7, 191, 307
List the prime factors of 3101716.
2, 107, 7247
List the prime factors of 6746065.
5, 31, 71, 613
What are the prime factors of 178351?
178351
List the prime factors of 846785.
5, 163, 1039
List the prime factors of 16563782.
2, 19, 435889
What are the prime factors of 3285666?
2, 3, 182537
List the prime factors of 3091184.
2, 43, 4493
What are the prime factors of 66756?
2, 3, 5563
List the prime factors of 4852440.
2, 3, 5, 4493
List the prime factors of 3071016.
2, 3, 13, 17, 193
What are the prime factors of 28831?
11, 2621
List the prime factors of 543594.
2, 3, 90599
List the prime factors of 87572.
2, 21893
What are the prime factors of 20521786?
2, 19, 101, 5347
What are the prime factors of 5667162?
2, 3, 944527
What are the prime factors of 1124020?
2, 5, 43, 1307
List the prime factors of 22890316.
2, 47, 313, 389
What are the prime factors of 7969965?
3, 5, 531331
List the prime factors of 410330.
2, 5, 37, 1109
List the prime factors of 35395.
5, 7079
What are the prime factors of 709337?
709337
What are the prime factors of 4210856?
2, 13, 19, 2131
What are the prime factors of 12874897?
7, 103, 2551
List the prime factors of 1402174.
2, 277, 2531
What are the prime factors of 3790762?
2, 17, 111493
What are the prime factors of 350045?
5, 70009
What are the prime factors of 197000?
2, 5, 197
List the prime factors of 191251.
191251
List the prime factors of 122922.
2, 3, 6829
What are the prime factors of 111354?
2, 3, 67, 277
What are the prime factors of 1267327?
83, 15269
What are the prime factors of 2609331?
3, 869777
What are the prime factors of 246650?
2, 5, 4933
List the prime factors of 1554994.
2, 7, 109, 1019
What are the prime factors of 799395?
3, 5, 137, 389
List the prime factors of 86426.
2, 79, 547
L